3, 31, 27067
What are the prime factors of 848681883?
3, 7, 13471141
List the prime factors of 262788901.
461, 570041
What are the prime factors of 31820603?
157, 202679
List the prime factors of 678015821.
7, 151, 641453
What are the prime factors of 8013004392?
2, 3, 333875183
List the prime factors of 32040262.
2, 16020131
List the prime factors of 108303199.
108303199
List the prime factors of 1142443270.
2, 5, 41, 233, 11959
List the prime factors of 132300587.
211, 627017
List the prime factors of 4019770216.
2, 7, 11, 41, 159161
What are the prime factors of 256785661?
11, 37, 61, 10343
What are the prime factors of 932930290?
2, 5, 29, 3217001
What are the prime factors of 26309697?
3, 8769899
List the prime factors of 796426266.
2, 3, 132737711
What are the prime factors of 1151137012?
2, 31, 167, 55589
What are the prime factors of 481147954?
2, 7, 1291, 3803
List the prime factors of 259268697.
3, 733, 39301
List the prime factors of 5621749919.
37, 151939187
What are the prime factors of 181517959?
7, 17, 941, 1621
List the prime factors of 502973259.
3, 167657753
List the prime factors of 150258448.
2, 23, 408311
List the prime factors of 35994734.
2, 17997367
List the prime factors of 910618053.
3, 303539351
List the prime factors of 256586743.
7, 36655249
What are the prime factors of 23206622?
2, 37, 313603
List the prime factors of 732785929.
732785929
What are the prime factors of 118249241?
11, 977, 11003
List the prime factors of 2685535683.
3, 23, 1201, 1409
List the prime factors of 253096461.
3, 9373943
What are the prime factors of 731966090?
2, 5, 29, 1559, 1619
What are the prime factors of 77826170?
2, 5, 17, 37, 12373
What are the prime factors of 692099261?
7, 2017, 49019
List the prime factors of 3869472625.
5, 30955781
List the prime factors of 8311823732.
2, 587, 3539959
What are the prime factors of 328024498?
2, 164012249
What are the prime factors of 1315128767?
1741, 755387
List the prime factors of 17030232.
2, 3, 19, 59, 211
List the prime factors of 201581804.
2, 211, 238841
What are the prime factors of 2568896801?
89, 28864009
What are the prime factors of 28772443?
7, 4110349
What are the prime factors of 45433889?
199, 228311
List the prime factors of 146388795.
3, 5, 7, 977, 1427
What are the prime factors of 13798967?
7, 13, 151637
What are the prime factors of 55401510?
2, 3, 5, 599, 3083
List the prime factors of 1546073395.
5, 10313, 29983
List the prime factors of 133063827.
3, 13, 3411893
What are the prime factors of 4170363914?
2, 2713, 768589
List the prime factors of 187749333.
3, 772631
What are the prime factors of 315079995?
3, 5, 2113, 9941
List the prime factors of 1105379546.
2, 71, 337, 23099
List the prime factors of 94646712.
2, 3, 3943613
What are the prime factors of 5145743660?
2, 5, 307, 838069
List the prime factors of 46210190.
2, 5, 13, 355463
What are the prime factors of 4662114541?
7, 5519, 120677
What are the prime factors of 546029579?
17, 32119387
What are the prime factors of 26707503?
3, 8902501
List the prime factors of 820455387.
3, 41, 6670369
What are the prime factors of 27625684?
2, 6906421
List the prime factors of 945312464.
2, 59082029
What are the prime factors of 204361880?
2, 5, 5109047
List the prime factors of 82046824.
2, 1097, 9349
List the prime factors of 300571980.
2, 3, 5, 1627, 3079
What are the prime factors of 99996951?
3, 5167, 6451
List the prime factors of 39544570.
2, 5, 13, 331, 919
What are the prime factors of 15743544?
2, 3, 53, 12377
List the prime factors of 85028994.
2, 3, 1574611
List the prime factors of 87495828.
2, 3, 7, 1041617
List the prime factors of 2846775335.
5, 1097, 519011
List the prime factors of 14422485.
3, 5, 7, 11, 12487
List the prime factors of 656815157.
37, 257, 69073
What are the prime factors of 81261599?
23, 3533113
List the prime factors of 79228190.
2, 5, 71, 151, 739
List the prime factors of 142025320.
2, 5, 3550633
List the prime factors of 100370842.
2, 11, 13, 350947
What are the prime factors of 646202899?
233, 2773403
What are the prime factors of 60506375?
5, 43, 11257
List the prime factors of 176560829.
176560829
List the prime factors of 1027793057.
233, 4411129
What are the prime factors of 2108415189?
3, 10139, 69317
What are the prime factors of 1922987182?
2, 157, 6124163
What are the prime factors of 11497298?
2, 113, 50873
What are the prime factors of 618164169?
3, 7, 23, 1279843
List the prime factors of 103191486.
2, 3, 43, 73, 5479
List the prime factors of 546485471.
7, 78069353
List the prime factors of 314504872.
2, 11, 19, 137, 1373
What are the prime factors of 179152615?
5, 19, 59, 31963
List the prime factors of 56947880.
2, 5, 11, 29, 4463
What are the prime factors of 711041400?
2, 3, 5, 395023
List the prime factors of 550770389.
13, 42366953
What are the prime factors of 47000681?
7, 13, 31, 16661
What are the prime factors of 2135085927?
3, 13, 617, 88729
List the prime factors of 366008896.
2, 11, 79, 6581
List the prime factors of 202358766.
2, 3, 89, 378949
List the prime factors of 1799763591.
3, 599921197
List the prime factors of 23345343.
3, 7, 370561
List the prime factors of 14953545.
3, 5, 257, 431
List the prime factors of 23057581.
29, 67, 11867
List the prime factors of 262546254.
2, 3, 31, 470513
What are the prime factors of 1619226641?
103, 2399, 6553
What are the prime factors of 749374483?
11, 13, 5240381
List the prime factors of 1969528385.
5, 11, 35809607
What are the prime factors of 37581261?
3, 379, 33053
What are the prime factors of 7742478?
2, 3, 29, 44497
What are the prime factors of 42327300?
2, 3, 5, 199, 709
List the prime factors of 19866102.
2, 3, 29, 31, 127
List the prime factors of 123255351.
3, 1521671
List the prime factors of 510815938.
2, 255407969
List the prime factors of 360403731.
3, 40044859
List the prime factors of 5142293029.
3361, 1529989
What are the prime factors of 57228028?
2, 11, 13, 100049
List the prime factors of 194063331.
3, 7, 11, 29, 59, 491
What are the prime factors of 94784444?
2, 59, 401629
What are the prime factors of 245430471?
3, 11, 13, 52009
What are the prime factors of 2680008457?
7, 37, 113, 91571
List the prime factors of 132321741.
3, 431, 102337
What are the prime factors of 985419586?
2, 17, 28982929
List the prime factors of 1243819758.
2, 3, 31, 67, 99809
What are the prime factors of 1231968556?
2, 7, 13, 3384529
What are the prime factors of 4300874009?
4300874009
List the prime factors of 63308003.
11, 59, 97547
What are the prime factors of 969399294?
2, 3, 161566549
What are the prime factors of 56676742?
2, 17, 31, 53773
What are the prime factors of 90796854?
2, 3, 29, 83, 6287
What are the prime factors of 983306866?
2, 151, 3255983
List the prime factors of 103497674.
2, 7, 19, 389089
What are the prime factors of 124704895?
5, 7, 3562997
What are the prime factors of 1236189966?
2, 3, 11, 1702741
List the prime factors of 38028235.
5, 7, 17, 63913
What are the prime factors of 397390060?
2, 5, 1069, 18587
List the prime factors of 602723834.
2, 301361917
What are the prime factors of 23202326?
2, 7, 61, 101, 269
List the prime factors of 5359079.
11, 131, 3719
What are the prime factors of 390810358?
2, 47, 1237, 3361
What are the prime factors of 3006380302?
2, 1503190151
What are the prime factors of 1063286265?
3, 5, 19, 53, 70393
List the prime factors of 83188303.
11, 41, 139, 1327
List the prime factors of 57687450.
2, 3, 5, 23, 727
What are the prime factors of 30987771?
3, 10329257
What are the prime factors of 6500119563?
3, 7, 34392167
List the prime factors of 1034060923.
7, 147722989
What are the prime factors of 32569689?
3, 881, 12323
List the prime factors of 215540696.
2, 7, 3848941
What are the prime factors of 3138885923?
23, 1559, 87539
What are the prime factors of 4662892527?
3, 3803, 408703
What are the prime factors of 63290172?
2, 3, 11, 97, 4943
List the prime factors of 136909132.
2, 61, 561103
List the prime factors of 48825760.
2, 5, 401, 761
What are the prime factors of 94318208?
2, 29, 25409
What are the prime factors of 6062850739?
11, 551168249
List the prime factors of 317927997.
3, 3925037
What are the prime factors of 3463823669?
3463823669
Wha